116523 prime?
False
Is 9235047383 prime?
True
Is 8735378933 prime?
True
Is 627182077 composite?
True
Is 1600959119 a composite number?
True
Is 77303888653 composite?
False
Is 7422857839 a prime number?
True
Is 1373723789 a composite number?
False
Is 2296583423 prime?
False
Is 9475347209 composite?
False
Is 5409874177 a composite number?
True
Is 18455331743 prime?
True
Is 458861233 composite?
False
Is 51131559899 composite?
True
Is 9206933753 a composite number?
True
Is 1880920957 a composite number?
False
Is 17466938513 prime?
True
Is 817649653 a prime number?
True
Is 439884563 composite?
True
Is 31015698577 a composite number?
True
Is 1472076367 a composite number?
True
Is 5849917603 a prime number?
False
Is 3156957857 a prime number?
True
Is 11572885682 a composite number?
True
Is 739791503 prime?
False
Is 1646407927 a composite number?
False
Is 22069104641 prime?
False
Is 2231892119 composite?
True
Is 679688953 prime?
False
Is 25771979777 prime?
True
Is 12276637 composite?
True
Is 97179559171 a composite number?
False
Is 5276671 prime?
True
Is 263073857 composite?
False
Is 93720031189 composite?
False
Is 1617646229 composite?
False
Is 50600323 a composite number?
False
Is 2652666169 prime?
True
Is 4777121611 prime?
True
Is 16393134343 a composite number?
True
Is 1466949241 prime?
True
Is 739833733 a prime number?
True
Is 863790511 composite?
False
Is 400100171 prime?
True
Is 374004167 a prime number?
False
Is 11256200587 a composite number?
True
Is 1010198173 composite?
True
Is 199282231 composite?
False
Is 63551064041 composite?
True
Is 127999820254 prime?
False
Is 472175059 composite?
False
Is 6852759323 a prime number?
False
Is 2753499811 a prime number?
True
Is 3726485831 a composite number?
False
Is 44755803583 a prime number?
True
Is 1235816549 a prime number?
False
Is 3048868913 prime?
True
Is 765888911 a composite number?
True
Is 313077761 a composite number?
False
Is 6316257097 a composite number?
True
Is 954872869 composite?
False
Is 3276780671 a prime number?
True
Is 1460268619 a prime number?
True
Is 50114543593 composite?
True
Is 976208509 composite?
True
Is 11913824171 prime?
True
Is 637589 composite?
True
Is 2616563903 prime?
False
Is 66124890686 a composite number?
True
Is 10646351327 a composite number?
True
Is 72234183037 prime?
True
Is 101948999 a composite number?
False
Is 394613491 a composite number?
False
Is 4950917137 composite?
True
Is 233860747 prime?
True
Is 343375691 prime?
False
Is 11307580589 prime?
False
Is 5185961081 a composite number?
True
Is 1102811491 composite?
True
Is 4899870439 a composite number?
True
Is 165367973 a prime number?
False
Is 949449061 composite?
True
Is 3867500243 a composite number?
False
Is 11609878433 prime?
True
Is 619297643 composite?
False
Is 8209190713 prime?
True
Is 46232633003 prime?
True
Is 171693258569 composite?
True
Is 82643701391 a prime number?
True
Is 1026986539 composite?
True
Is 79118113 prime?
False
Is 12375762719 a prime number?
True
Is 643429421 composite?
True
Is 4467453293 a prime number?
False
Is 19935384643 composite?
False
Is 837868417 a composite number?
False
Is 1393927243 a prime number?
False
Is 49077479797 a composite number?
False
Is 4792679351 composite?
False
Is 5476890493 composite?
True
Is 37864536197 a prime number?
True
Is 1661827747 composite?
True
Is 1291249013 a prime number?
True
Is 96364817 prime?
True
Is 99236551 a composite number?
False
Is 2664444607 a composite number?
True
Is 224560801 a prime number?
False
Is 23430239003 a composite number?
False
Is 1724952289 prime?
False
Is 4582209811 a composite number?
False
Is 2315403241 prime?
False
Is 18489147013 composite?
True
Is 4372216963 prime?
True
Is 78760621 a composite number?
False
Is 35534011 a prime number?
False
Is 8361831857 prime?
False
Is 11986436183 prime?
False
Is 28866406187 a prime number?
True
Is 410221151 composite?
False
Is 393953533 a prime number?
True
Is 8485305701 prime?
True
Is 2761161773 a prime number?
True
Is 4234206671 a prime number?
True
Is 503319071 composite?
True
Is 709438595 composite?
True
Is 603331363 a composite number?
True
Is 9541618943 a prime number?
False
Is 10301074507 composite?
False
Is 961210058 composite?
True
Is 52858763471 a composite number?
True
Is 1560780017 prime?
True
Is 168423666533 composite?
False
Is 43935797249 prime?
True
Is 298013089 a prime number?
False
Is 2212237409 a composite number?
False
Is 90459072281 prime?
True
Is 143407114793 a prime number?
True
Is 1595189 a composite number?
False
Is 2893275289 composite?
True
Is 423670579 composite?
False
Is 374095831 a prime number?
False
Is 2963350001 a prime number?
True
Is 372593601877 prime?
False
Is 18916921523 a prime number?
True
Is 16967879 composite?
False
Is 996334531 a composite number?
False
Is 3513328073 composite?
True
Is 198194387 composite?
False
Is 1899225869 composite?
True
Is 4404151481 composite?
True
Is 3216472381 prime?
False
Is 2164718593 a composite number?
True
Is 397908737 a composite number?
False
Is 64296613 a composite number?
False
Is 230090417 prime?
True
Is 1708633519 composite?
False
Is 8253613337 prime?
False
Is 4456726907 a prime number?
False
Is 77970175999 composite?
True
Is 1065115087 composite?
False
Is 1763223905 prime?
False
Is 11157887743 a composite number?
False
Is 861073999 composite?
True
Is 35068824883 a prime number?
False
Is 51462033401 a composite number?
False
Is 664309181 a composite number?
False
Is 45437745131 composite?
False
Is 2007876979 composite?
False
Is 1267468117 a prime number?
True
Is 344965727 a composite number?
False
Is 395019719 a prime number?
True
Is 2194880641 a prime number?
True
Is 20162364199 prime?
False
Is 42270407 a composite number?
False
Is 8293095131 composite?
False
Is 265634807 prime?
True
Is 143586209 composite?
True
Is 34161329291 a composite number?
False
Is 2064068887 prime?
False
Is 55102282129 prime?
True
Is 4630420159 prime?
True
Is 3587322469 composite?
False
Is 58597481 a composite number?
False
Is 763928833 prime?
True
Is 46899643867 prime?
True
Is 991171469 prime?
True
Is 967128257 composite?
False
Is 5171463517 a prime number?
False
Is 173512681 a composite number?
False
Is 33542462363 a composite number?
False
Is 967274797 a prime number?
True
Is 269312117 a composite number?
False
Is 11981243749 a prime number?
True
Is 2396800093 composite?
False
Is 10551076897 prime?
True
Is 40397917817 prime?
False
Is 1430331887 a prime number?
False
Is 88737946361 prime?
True
Is 377244151 composite?
True
Is 754336949 prime?
False
Is 6087991181 a prime number?
True
Is 26582821411 a composite number?
False
Is 7543148527 a prime number?
True
Is 26156811997 prime?
True
Is 1571023522 a prime number?
False
Is 29684637379 composite?
True
Is 2226681137 a composite number?
False
Is 589144637 prime?
True
Is 15786282329 a prime number?
True
Is 1671450787 a composite number?
True
Is 15290135347 composite?
False
Is 74807989 a prime number?
False
Is 303537433 a prime number?
True
Is 354160109 prime?
True
Is 18977224055 a composite number?
True
Is 7468298413 a composite number?
True
Is 1894488899 a composite number?
False
Is 106736070335 a composite number?
True
Is 2647226873 prime?
True
Is 104042438059 a composite number?
True
Is 115994633 composite?
True
Is 5667996343 composite?
True
Is 1087210937 prime?
False
Is 24549842101 a prime number?
False
Is 1767874037 a composite number?
False
Is 38398108939 composite?
True
Is 12693782459 a prime number?
True
Is 3175728551 a composite number?
False
Is 415368143 a prime number?
True
Is 20754709427 composite?
False
Is 115332389 a prime number?
False
Is 11710703461 a composite number?
False
Is 468086357 prime?
True
Is 981540647 prime?
True
Is 20392497397 prime?
True
Is 1078160999 a prime number?
True
Is 23057562887 prime?
False
Is 346674031 a composite number?
True
Is 534270929 composite?
False
Is 864320917 a composite number?
False
Is 2153847251 a prime number?
True
Is 1631355655 a prime number?
False
Is 71269118491 a prime number?
True
Is 19273637003 a prime number?
True
Is 3504267538 composite?
True
Is 1218456619 prime?
True
Is 37155146914 composite?
True
Is 4932757229 a composite number?
False
Is 78146636911 a prime number?
False
Is 604061959 a composite number?
False
Is 7